105 - ((-21 - -11) + 5 + -11)
-43
-5 + 2 + -15 + (346 - 358)
-30
What is the value of 25 + -209 + 59 - -108?
-17
What is the value of (-6 - -7) + 12 + 146 + -143 + -8?
8
Evaluate 13 - (11 + -21 + 1) - 57.
-35
What is the value of (1500 - 1512) + 58 + -2?
44
85 + (54 - 81) + (55 - 12)
101
What is (-1 - (-71 + 49)) + 43?
64
What is the value of -19 - -55 - -21 - 32?
25
What is 48 + (-3 - 30) + (12 - 0) + -11?
16
2 - -25 - (232 + -122)
-83
What is 39 + -67 + 26 - 29?
-31
What is the value of 43 + (-16 - 22) + -12 + -6?
-13
What is 125 + (10 + (0 - 36) + 22 + -18 - -11)?
114
-3 - (-7 + -5 + 10 + -6 - 11)
16
What is the value of (1 + 10 + -9 - (-2 + -5)) + 8?
17
What is the value of -10 + (-2 - -15) + -17 - (-17 + 94 - -15)?
-106
What is the value of 1343 + -1356 - (21 - (-2 - (-6 - (-2 + 0))))?
-32
Calculate (-228 - -217) + (-1 - (-3 - (-9 - -4))) + 14.
0
6 - ((-8 + 4 - 2) + 48 + -70)
34
What is (-12 - -1 - -23 - (-19 + 19)) + -113?
-101
Evaluate 24 + (38 - 82) - 83.
-103
Calculate -13 - (27 - -58) - -76.
-22
Calculate 66 + (-56 - 18) + -7.
-15
Calculate -47 + 3 + -4 + -2 + -11 + 6 + -4.
-59
What is the value of -168 - (96 + -243) - (58 - 0)?
-79
What is -82 - (-1 + 39 + -70)?
-50
Evaluate (-8 - (17 - 34) - -4 - 7) + -88.
-82
Evaluate (-99 - -96) + -2 + -50 + 5 + -2.
-52
37 - (3 + 2 - (18 - (7 - 0)))
43
Evaluate (1 + 2 - 1) + -306 + 406.
102
Calculate -45 + -1 + (469 - 383).
40
Evaluate (0 - 1) + -63 - (-15 - (-539 + 515)).
-73
Evaluate 52 - (14 + (-6 - 0) + (-38 - -17) + 28).
37
Evaluate (-10 - (-10 + 1)) + -5 + (-6 - (6 + -9)).
-9
Calculate 14 + 69 + 3 - 12.
74
What is the value of 4 + 1 - (-582 + 608) - 9 - (12 - 1)?
-41
-30 - (1 + (7 - -4) - (36 + -3 + -10))
-19
Calculate 23 + -116 + (-11 + -32 + 20 - 0).
-116
11 + (5 - -14 - (-12 + 4) - (-2 + 9))
31
Evaluate -24 + 25 + -25 + 16 + 0 + -27.
-35
What is the value of 77 + -69 - (-11 + 1 + -1)?
19
What is the value of 470 + -487 - (10 + 0)?
-27
49 - 45 - (-3 + 14) - -25
18
Evaluate (-5109 - -5160) + (0 - 15) - (-1 - (15 - 2)).
50
Calculate 4 + (-4 - -13 - -12) + -13.
12
Evaluate -12 - (6 + (-24 - -11) + -8).
3
(4 - 12) + -9 + 14 + (18 - 23) - 42
-50
Evaluate (-94 - -18) + 72 - (31 + 0).
-35
Evaluate (-6 + 15 - -7) + 17 + -31.
2
Calculate 0 - -5 - ((-42 - 73) + 61).
59
(-6 - -2) + -34 + 32 + -3 + 21 + -82
-70
What is the value of 11 - 20 - (-7 - (3 + (3 - 111)))?
-107
Evaluate 34 + (61 + -60 - 33).
2
9 + (15 - 1) + -28 - 39
-44
What is -5 + -4 - ((-16 - (-7 - -5)) + -43 + -4)?
52
Calculate (-32 - (-28 + (-3 - -18))) + 74.
55
Evaluate 0 - 2 - 12 - (-24 - (13 + -1)).
22
Calculate (-1 - 26) + (112 + -193 - -91).
-17
Calculate 0 + (-62 + 32 - -55).
25
Evaluate (-190 - (-163 - 36)) + 0 + -41.
-32
Evaluate (-2133 - -2070) + 1 + -2.
-64
-15 + -27 + 30 + 10 + 73
71
What is the value of 50 + 5 + (-18 - -8) - (-6 + 22)?
29
9 - ((-22 - -15) + 19) - (-3 + 11)
-11
-11 + (164 + -70 - 48) + (-17 - (1 + -2))
19
Calculate (-5 - (-42 + 9 + 11)) + -25 + 57.
49
Calculate -42 + -44 + 85 - (-1 + (-56 - 2)).
58
What is 24 + (-4 - -3) - (-5 - (-20 + 25))?
33
13 + 17 + (12 - (6 - -2))
34
What is 39 + -1 - ((-1 - 1 - (-162 - -157)) + 9)?
26
Calculate -14 - 43 - (-8 + (1 - 0)).
-50
Calculate -3300 + 3298 - (-1 + 2 + -5) - 28.
-26
Evaluate (-1 - 1) + 3 - (-41 - -38 - -11).
-7
Calculate -17 + -4 - (60 + -11 - (-19 - 2)).
-91
-14 + (37 + -58 - -110)
75
What is 4 + -105 - -9 - (-240 + 213)?
-65
39 - (-6 - (-2 + -5)) - (-52 + 35 + 17)
38
10 + -4 + -17 + -16 + -1 + (-1 - 9)
-38
Calculate (118 - 138) + (-12 - (10 - 4)).
-38
Evaluate -3 + -51 + 56 - (-8 - 59).
69
(-3 - 1 - (23 - 17)) + 7 + -8 - 11
-22
Evaluate -7256 + 7250 + -1 + (1 - 1).
-7
Evaluate (-57 - -59) + (-22 - -45).
25
Evaluate ((-28 - (8 + -19)) + 0 - -6) + 19.
8
What is the value of 56 + 0 + 7 + 3 + -52 + 33?
47
Evaluate (15 - 11) + (134 - 100).
38
Evaluate 32 + -43 + 55 - 81.
-37
-108 + 55 - (77 - 96)
-34
-39 + -1 + -3 - (-202 + 218)
-59
Calculate (-130 - (16 + -143)) + (-1 - (0 - -77)) - -8.
-73
What is the value of -6 - (0 - 9 - (-45 + 1 + 12 + -2))?
-31
What is the value of -282 + 250 - (-1 + -20)?
-11
Evaluate 5 - -27 - (-47 + 67).
12
Evaluate (-98 - -61) + 83 + -172 + 11.
-115
-6 - (-5 + (8 - 2) + -54 + 9)
38
What is the value of 13 + (36 - (12 + 32))?
5
8 - (-39 - -58 - (7 - 1))
-5
What is 93 - (16 + -16 + (31 - 20) + -10 + 3)?
89
Evaluate (-137 - -61 - 21) + 46.
-51
Calculate -15 + -2 - ((86 - 30) + 56) - (-1 + -1).
-127
What is the value of -38 - (-11 - (14 - -1)) - -42?
30
(21 - (23 + 9)) + (-1 - -6) - -33
27
Evaluate 13 - (-3 + -88 - (8 + (-9 - -8) + 0)).
111
Evaluate 39 - (56 - 128 - -14).
97
Evaluate 6 + 21 + (-2 - -26) + -5 + 6.
52
Calculate -46 - ((-229 - -56) + 89).
38
What is 4 - ((-2 - 13 - -6) + -3) - 9?
7
What is -6 + -9 + 17 + -57 + (-8 - -16)?
-47
(-2 - -11) + (-27 - (-6 + -1)) + (-52 - 22)
-85
What is 74 + -14 + (-60 - -13)?
13
(1 - 7) + -344 + 349
-1
Evaluate -45 + -5 + 2 + (19 - 20).
-49
What is -44 + (32 - 46) - -73 - (5 + 1)?
9
Calculate -109 + 89 - (-5 + -7).
-8
Calculate -5 + 27 + (114 - 40 - 28).
68
What is (15 - -39) + -74 + -53?
-73
Evaluate (1 - -6) + 5 + 4 + (20 + 4 - 25).
15
Calculate -92 - (-44 + 194 + -141).
-101
Evaluate 64 + -18 + (240 - 210).
76
What is the value of -15 - (-46 + 39) - 20?
-28
Evaluate -12 + -6 + -8 + (-11 - -2).
-35
What is the value of 3 - 35 - (-33 - 40 - -62)?
-21
Calculate (17 - (83 - 62)) + 63.
59
-47 + (-22 - (-17 + (-6 - (-23 + 12))))
-57
0 + -7 + (-48 - (25 + 21)) - -19
-82
Evaluate -18 + -212 + 190 + -1 + 3.
-38
Evaluate 27 + (60 - 45) - (9 - -3).
30
Calculate -163 + (81 - 7) + 129.
40
What is -7 + 10 - -2 - -4 - 22?
-13
What is -6 - (3 + (0 - 10) + 0 + 2 + -9)?
8
Evaluate (-10 + -15 - (14 - 52)) + -10.
3
14 + (-33 + 10 - (3 + 7 + -13))
-6
What is the value of 18 + (-33 - 36) + 46?
-5
What is 209 + -212 + (-2 - 39)?
-44
Calculate -113 + (17 - (62 - 72)).
-86
Calculate (8 - (24 + -18 - -8)) + 20 + 0.
14
78 - 2 - (-118 + 160)
34
What is 10 - (-2 + (-5 - -5) + (14 - 18 - -10))?
6
Calculate 14 - (-13 + -8 + (3 + -27 - 14)).
73
57 - (-34 + (-21 - -33) + -8)
87
What is (-37 - (25 - 70)) + -54?
-46
Evaluate 34 + 8 + -45 - 11 - -42.
28
Evaluate 71 + 61 + 62 + -161.
33
Evaluate 6 + -10 + (-7 - 7) + -28.
-46
Calculate -11 - (-30 + (1 - 13) - (1 - 1)).
31
What is (-2 - 45) + (688 - 681) + 0 + (0 - 3)?
-43
What is 13 + -18 + -2 + (46 - 34)?
5
What is the value of (48 - (-10 - -6)) + -45?
7
Evaluate -34 - (-4 + -7 + 20 + -10 - 10 - -4).
-27
What is 23 + (-12 - (14 + 0))?
-3
Evaluate 12 + 0 + -2 - ((-26 - (-87 + -28)) + -10).
-69
Evaluate (13 - -7) + 43 + -74 + (83 - -17).
89
1 + 17 + 12 + 170 + -271
-71
Calculate 19 - 0 - (-242 - -230) - (10 + -6).
27
What is the value of 38 + -31 + (45 - 76)?
-24
Evaluate 21761 + -21852 - (16 + 1 - -1).
-109
What is (202 - (18 + 68)) + -14 + -2 - 9?
91
Evaluate (40 - 21) + -156 + (7 - -35).
-95
Calculate 7 + (-13 + 81 - 17).
58
What is the value of 43 + -1 + (-1 - -11 - (-16 + 16))?
52
Calculate -6 + (-5 - 48) + (-121 - -128).
-52
Evaluate -92 + (79 + -41 - -110).
56
What is -15 - (27 + -18 + -53)?
29
(-41 - -20 - 119) + 32
-108
Calculate 77 + 1 - ((-93 - 60) + 141).
90
What is the value of (-111 - -55 - -65) + -28?
-19
What is 3 + 10 - (-267 + 260)?
20
Calculate (17 - 14) + 57 + -34 - 33.
-7
Evaluate 45 - (-47 + 72 + -4 + -4) - (13 + -1).
16
Calculate -2 + -1 + (190 + -130 - 45).
12
Calculate (193 - -21) + -246 - (1 - 6).
-27
157 - 142 - (-4 - (-5 + 14))
28
Calculate 29 + (10 - (-3 - -51)).
-9
-37 + 32 + -47 + 115
63
Calculate (19 - 73 - 11) + 109.
44
What is 62 + -20 - (-5 + 12 + (-4 - (1 - 4)))?
36
What is (-2 - -5 - 7) + -90 + -183 + 186 - -11?
-80
What is the value of (-9 - 22) + -1 - (-339 + 302)?
5
What is (-118 - -1 - (656 - 654)) + (-1 - 1) + 4?
-117
Calculate -11 - (-8 + (18 + -27 - (-5 - (-58 + 7)))).
52
Calculate 24 - 0 - ((121 - 84) + 88).
-101
What is the value of (-11 - (-4 + 50 + 8)) + (-3 - 9) + 17?
-60
What is 61 + (19 - 76) + 39?
43
Evaluate 37 - (121 - 8) - -24.
-52
What is the value of 41 - (105 + (-55 - -23))?
-32
(-59 - (-54 + 35)) + 24
-16
Evaluate 9 + 34 + (-149 - -154) - (-1 + -6).
55
Evaluate 1 - (2 + -3) - (-3 + 39) - (44 - 49).
-29
What is the value of 45 + 9 + (-5 - (-6 + 7)) + 3 + 12?
63
-226 - -33 - -251 - (-1 - 23)
82
What is (-5 - (-6 - (8 - 8 -